1*n + 133. What is b(15)?
-2
Let o(u) = -u**3 + 647*u**2 - 46324*u - 472. Determine o(82).
20
Let p(r) = -15*r**3 - 26*r**2 - 123*r - 128. Calculate p(-6).
2914
Let x(z) = -z**3 + 134*z**2 - 491*z + 31987. What is x(132)?
2023
Let q(l) = 5*l**2 - 1144*l - 11024. Give q(238).
-76
Let l(h) = -53382*h - 3363066. Calculate l(-63).
0
Let s(q) = -q**3 - 252*q**2 + 1278*q + 41. Calculate s(5).
6
Let q(x) = -3982*x - 4080. Determine q(-1).
-98
Let c(y) = -74*y**2 - 99*y + 8. Determine c(-2).
-90
Let q(t) = -10*t**3 - 858*t**2 - 10999*t + 4289. Determine q(-70).
19
Let a(w) = -170895*w + 3417882. Determine a(20).
-18
Let y(a) = 10348*a - 310356. Determine y(30).
84
Let k(b) = -3*b**3 - 81*b**2 - 4019*b - 102475. What is k(-26)?
-9
Let l(o) = -22125*o + 66377. Give l(3).
2
Let z(s) = s**3 - 2*s**2 - 1261*s - 16212. Determine z(-18).
6
Let x(d) = 4871*d - 618640. Determine x(127).
-23
Let b(r) = -633067*r + 2532273. What is b(4)?
5
Let t(w) = -4*w**3 + 103*w**2 - 330*w + 27. Calculate t(22).
27
Let n(y) = -y**3 - 393*y**2 - 43*y - 16825. Determine n(-393).
74
Let f(g) = 2*g**2 - 10594*g - 2130511. Give f(-194).
-3
Let j(i) = -12*i**3 - 69*i**2 - 53*i - 27. What is j(-5)?
13
Let d(x) = -83*x - 1224. Calculate d(15).
-2469
Let z(y) = 3*y**2 - 1061*y + 76105. Give z(100).
5
Let t(f) = 9*f**2 + 1367*f - 1602. Determine t(-153).
-72
Let c(v) = 9378*v + 459489. Give c(-49).
-33
Let c(d) = d**2 + 55*d - 29929. Calculate c(149).
467
Let k(v) = -2*v**3 + 1139*v**2 + 25402*v + 6510. What is k(591)?
9
Let c(h) = 45959*h + 91886. Determine c(-2).
-32
Let l(o) = -24579*o - 24711. Give l(-1).
-132
Let a(r) = 153167*r - 17307879. Calculate a(113).
-8
Let u(q) = 28*q**2 - 1623*q - 170. What is u(58)?
-112
Let w(y) = -2*y**2 + 269*y - 5496. Determine w(111).
-279
Let s(n) = 29892*n - 149344. What is s(5)?
116
Let l(h) = 789*h + 11863. What is l(-17)?
-1550
Let y(h) = 16*h**2 + 962*h - 1945. Determine y(2).
43
Let h(t) = 4*t**3 + 1451*t**2 + 3966*t + 2163. What is h(-360)?
3
Let c(j) = -2*j**2 - 159*j - 2965. What is c(-50)?
-15
Let z(o) = o**2 - 87*o - 410. Give z(87).
-410
Let z(l) = 19*l**2 - 2215*l + 13711. Determine z(110).
-39
Let g(x) = x**3 - 6*x**2 + 157*x + 2222. Give g(-15).
-4858
Let x(y) = 6*y**2 - 859*y - 11181. What is x(-12)?
-9
Let j(a) = -3723*a + 10020. Calculate j(3).
-1149
Let z(s) = 1742*s - 41792. Calculate z(24).
16
Let n(j) = -j**3 + 95*j**2 - 191*j + 457. Calculate n(93).
-8
Let v(c) = -4*c**3 + 21*c**2 + 28*c + 164. Determine v(7).
17
Let k(t) = 387147*t + 2322860. Determine k(-6).
-22
Let l(x) = 3*x**3 - 55*x**2 - 14*x + 442. Calculate l(18).
-134
Let f(i) = -9*i**2 - 1430*i + 26835. Determine f(17).
-76
Let i(q) = 8318*q - 8398. Determine i(1).
-80
Let q(z) = 70456*z + 3875101. Determine q(-55).
21
Let k(s) = -1765*s - 218859. Calculate k(-124).
1
Let r(u) = -17*u**2 - 202*u + 39. Calculate r(-12).
15
Let f(c) = c**2 + 668*c + 14838. Give f(-645).
3
Let k(f) = 29049*f + 552068. Determine k(-19).
137
Let y(v) = 65450*v + 29059810. Determine y(-444).
10
Let m(q) = -146*q - 16609. What is m(-119)?
765
Let o(v) = 9*v**2 + 69*v - 380. What is o(-11)?
-50
Let r(m) = -2*m**2 - 6523*m - 3422345. Calculate r(-657).
-32
Let i(p) = -629*p - 34732. Determine i(-55).
-137
Let w(f) = -4676*f - 23761. What is w(-5)?
-381
Let n(p) = -36077*p - 216436. What is n(-6)?
26
Let r(q) = -q**2 - 641*q + 7521. What is r(12)?
-315
Let x(i) = -4*i**3 - 66*i**2 - 124*i + 263. Determine x(-19).
6229
Let j(c) = c**3 + 314*c**2 - 416*c - 31827. Calculate j(-315).
-12
Let i(s) = 1778*s**2 + 563*s + 566. What is i(-1)?
1781
Let r(x) = -x**3 + 16*x**2 + 2742*x - 46287. Calculate r(17).
38
Let w(z) = -9819*z**2 + 9882*z + 15. What is w(1)?
78
Let v(c) = 15573*c - 12240380. Calculate v(786).
-2
Let c(a) = 35502*a + 40. What is c(0)?
40
Let i(y) = -7*y**3 - 68*y**2 + 379*y - 310. Give i(1).
-6
Let t(h) = h**3 + 134*h**2 - 164*h - 3462. Determine t(-135).
453
Let q(u) = 107*u**2 + 955*u + 286. Give q(-7).
-1156
Let p(j) = 4*j**3 - 71*j**2 - 16*j + 51. Give p(18).
87
Let g(l) = l**3 + 13*l**2 + 567*l + 3193. Determine g(-6).
43
Let t(l) = 10*l**2 + 1008*l + 233. Give t(-103).
2499
Let n(b) = b**2 + 90*b - 3603. Give n(43).
2116
Let v(o) = 81*o**3 + 193*o**2 - 390*o - 2. What is v(2)?
638
Let w(r) = -r**2 - 9927*r - 29787. Determine w(-3).
-15
Let j(g) = 54309*g + 380162. What is j(-7)?
-1
Let t(w) = 14036*w + 631607. Calculate t(-45).
-13
Let z(c) = c**2 - 84*c - 908. What is z(107)?
1553
Let t(h) = -368*h - 24976. Give t(-68).
48
Let d(x) = 3*x**2 - 1592*x + 137976. What is d(109)?
91
Let i(n) = -24*n - 255. What is i(-61)?
1209
Let r(o) = o**3 - 39*o**2 - 103*o + 5220. What is r(39)?
1203
Let r(m) = -m**2 + 224*m + 1849. Determine r(232).
-7
Let z(c) = -37*c**3 - 894*c**2 - 356*c - 5108. What is z(-24)?
-20
Let w(a) = a**3 - 111*a**2 + 2003*a + 497. What is w(23)?
14
Let q(w) = w**3 - 21*w**2 - 80*w + 181. What is q(24)?
-11
Let b(y) = -3*y**2 + 81936*y - 4579006. Determine b(56).
2
Let x(b) = -13*b**2 + 128*b + 439. What is x(16)?
-841
Let x(s) = -3232*s**2 + 158371*s - 138. Calculate x(49).
9
Let g(p) = -p**3 - 21*p**2 + 866*p + 323. Calculate g(21).
-13
Let q(c) = -c**2 - 10935*c + 383954. Determine q(35).
4
Let w(g) = -8*g**2 + 3918*g - 29896. Give w(482).
-12
Let u(b) = -b**2 + 27582*b - 82746. Determine u(3).
-9
Let a(n) = 20473*n + 41075. Determine a(-2).
129
Let q(c) = -15055*c - 75445. Determine q(-5).
-170
Let t(g) = g**3 - 2*g**2 - 174*g - 1003. Calculate t(-6).
-247
Let w(v) = -267164*v - 43814899. Calculate w(-164).
-3
Let i(z) = 127*z - 12614. Give i(100).
86
Let o(g) = -g**3 - 124*g**2 - 703*g + 427. What is o(-118)?
-163
Let h(o) = -o**3 + 46*o**2 - 31*o + 8733. Determine h(49).
11
Let m(a) = -35660*a + 463573. Determine m(13).
-7
Let o(g) = 5967*g + 954729. Calculate o(-160).
9
Let n(i) = 2*i**3 + 102*i**2 + 599*i + 36558. What is n(-52)?
2
Let k(z) = 4*z**3 + 198*z**2 - 329*z - 11453. Determine k(-50).
-3
Let z(r) = 134088*r + 1072718. Calculate z(-8).
14
Let r(k) = -9*k**2 - 213*k + 2629. Give r(11).
-803
Let m(n) = 77811*n + 466867. What is m(-6)?
1
Let j(a) = -a**3 - 37*a**2 - 99*a + 88. Determine j(-34).
-14
Let g(m) = 932*m**2 - 18681*m + 882. Determine g(20).
62
Let k(y) = 9*y**2 + 2968*y - 21885. Determine k(-337).
20
Let v(p) = 31*p**3 - 94*p**2 + 19*p - 42. Determine v(3).
6
Let m(f) = 316*f + 91032. Determine m(-288).
24
Let q(l) = -3*l**3 - 118*l**2 - 128*l + 512. Give q(-38).
-400
Let l(n) = -34670*n + 485367. Give l(14).
-13
Let j(v) = 62*v - 2049. What is j(33)?
-3
Let r(n) = 1321*n + 7726. Calculate r(-6).
-200
Let m(n) = 665*n + 13454. Give m(-19).
819
Let o(i) = -i**3 - 5*i**2 + 130*i + 44. Calculate o(11).
-462
Let p(g) = 2372*g + 102098. Calculate p(-43).
102
Let j(m) = 4*m**3 - 347*m**2 - 119*m + 2870. Determine j(87).
86
Let l(i) = i**3 - 2*i**2 - 6560*i + 230. What is l(82)?
230
Let l(z) = -235*z - 1096. Calculate l(-10).
1254
Let q(n) = 4*n - 827. What is q(144)?
-251
Let d(c) = -1040*c - 5600. What is d(-6)?
640
Let n(v) = -354*v**2 - 66190*v + 1513. Calculate n(-187).
17
Let r(o) = -42*o**2 + 755*o - 83. Calculate r(18).
-101
Let q(z) = -38*z**2 - 5*z - 92. Determine q(-6).
-1430
Let l(v) = -149401*v - 448097. What is l(-3)?
106
Let i(y) = 3*y**3 + 2916*y**2 - 14656*y - 4. Give i(5).
-9
Let l(s) = 2*s**3 - 28*s**2 - 63*s - 18. Determine l(15).
-513
Let i(o) = 173*o + 8097. Determine i(-47).
-34
Let p(o) = -952*o - 54158. Determine p(-57).
106
Let b(w) = -4*w**3 + 695*w**2 - 10521*w + 313. Calculate b(157).
-1
Let g(f) = -8*f**2 - 89*f + 3191. Give g(15).
56
Let y(u) = u**2 - 14540*u + 724497. What is y(50)?
-3
Let y(h) = 2*h**3 + 110*h**2 - 979*h + 1799. Give y(-63).
-28
Let n(c) = 3228*c + 113097. What is n(-35)?
117
Let x(h) = -h**2 + 20106*h + 4. What is x(0)?
4
Let z(q) = -4*q**3 + 24*q**2 + 383*q - 836. Give z(2).
-6
Let x(c) = -c**3 - 205*c**2 + 1937*c + 2318. Give x(-214).
-36
Let j(s) = -114895*s + 1608536. Give j(14).
6
Let y(b) = 50888*b - 814189. Give y(16).
19
Let a(g) = 2*g**3 - 167*g**2 - 3295*g - 607. Calculate a(100).
-107
Let r(y) = 5*y**2 + 1261*y + 2739. Calculate r(-250).
-11
Let k(p) = -3824*p - 2627078. Calculate k(-687).
10
Let w(o) = 2*o**3 - 20*o**2 + 10*o + 165. Give w(8).
-11
Let s(o) = -81*o - 510. Determ